 = -188 - 156. List the prime factors of o.
2, 43
What are the prime factors of 3 + -3 + (-220)/(-4)?
5, 11
Let r(i) = 8*i**2 - 2. List the prime factors of r(2).
2, 3, 5
List the prime factors of 1*3*(-4202)/(-66).
191
What are the prime factors of -74*(-8 + 5) - 1?
13, 17
Let t = -10 + 22. What are the prime factors of t?
2, 3
Let t = 174 + -99. List the prime factors of t.
3, 5
Let u = 66 - 36. What are the prime factors of u?
2, 3, 5
Let s(w) = -w**2. Let k = 0 + 0. Let a be s(k). What are the prime factors of 3 - (0 - a)/(-2)?
3
Let f be (-3)/(((-9)/4)/(-3)). List the prime factors of 790/65 + f/26.
2, 3
Suppose 0 = 2*q - 4*s - 1 - 1, -2*s = 3*q + 5. Let o be q/(-3) - (-23)/3. Let f(m) = -m**2 + 9*m + 2. What are the prime factors of f(o)?
2, 5
What are the prime factors of (-10)/((-8)/4) - -2?
7
Suppose -4*q + 4*s = -68, 0*s - 115 = -5*q - s. Let a = q + -9. What are the prime factors of a?
13
Let b(c) = -2*c - 1. Let w be b(-2). Let z be 4 - -2 - (-1)/(-1). Let s = z - w. What are the prime factors of s?
2
Let n = 17 + -1. Suppose -n = -6*d + 2*d. List the prime factors of d.
2
Let b(f) = -f**3 - 7*f**2 + f + 10. Let k be b(-7). Let w(h) = -h - 5 + k*h + 0. List the prime factors of w(6).
7
Let l be 5*-2*1/(-5). Suppose 3*b - 3*j - 30 = j, b - 10 = l*j. List the prime factors of b.
2, 5
Suppose 5*v = 31 + 19. Let r(j) = j + 9. List the prime factors of r(v).
19
Let d = -6 - -3. Let i be (-6)/d*(-4)/(-2). Suppose 0 = -u, i*u + 18 = 4*t + 6. What are the prime factors of t?
3
Let o be (28/(-3))/((-3)/9). Suppose -c - o = -3*c. What are the prime factors of c?
2, 7
Let a(c) = -5*c - 33. List the prime factors of a(-10).
17
Suppose t + 395 = 4*n, -4*n - t + 386 = t. Let o be (-3)/(-15) - n/(-10). Let q = 19 - o. What are the prime factors of q?
3
Let u = 1 - -52. What are the prime factors of u?
53
Let n = 825 + -574. List the prime factors of n.
251
Let u(n) = n**2 + 0*n + 2*n - 2 + 2*n - n. List the prime factors of u(-7).
2, 13
Let y(f) = 2*f + f - 1 - 4*f. Suppose 2*z = 3*m + 2*m - 21, 2*z = 3*m - 15. What are the prime factors of y(z)?
2
Suppose 0 = a - u - 2, 9*a - 8 = 4*a + 4*u. List the prime factors of 9/((-18)/(-4)) - a.
2
Let t(r) = -r**3 - 4*r**2 + 6*r + 3. Let o be t(-5). Let f be o/(-2)*(-8)/(-2). Suppose 9 = -h + f*h. List the prime factors of h.
3
Suppose 0 = 2*n - 7*n + 275. What are the prime factors of n?
5, 11
Suppose 0 = 2*c - 0 - 10. Let x(s) be the second derivative of s**4/12 - 2*s**3/3 + 3*s**2 + s. List the prime factors of x(c).
11
Let r(c) = 4*c - 4. List the prime factors of r(10).
2, 3
Let u = -8 + 14. List the prime factors of (u - -1)*(2 + 1).
3, 7
Suppose -282 = -3*l + 66. Let z = l + -69. Let f = z - 26. What are the prime factors of f?
3, 7
Let x be (-46)/14 - 4/(-14). Let l = 3 + x. Suppose 2*n = -3*f + 19, l = n + 2*f - 5*f - 14. List the prime factors of n.
11
Let k(p) = p**2 + 4*p + 6. What are the prime factors of k(-6)?
2, 3
Let m = -16 + 4. Let o be ((-6)/(-4))/(3/m). Let l = o - -9. List the prime factors of l.
3
Let v(m) = 6 - 5*m**2 + 12*m + 1 + 7*m**2 + 0. List the prime factors of v(-8).
3, 13
What are the prime factors of 4 - (12/3 - 35)?
5, 7
Let m = 337 + -138. What are the prime factors of m?
199
Let z be -1*(-3)/1 - -1. Suppose g - 3*q = -7, -2*q = z*g - g - 12. What are the prime factors of g?
2
Suppose 4*m - 67 = -a - 0*m, 3*a - 201 = -5*m. What are the prime factors of a?
67
Let b(m) = -m**3 + 8*m**2 - 5*m - 1. Let v be b(7). Suppose -t - 3*r + v = -r, -59 = -5*t - 4*r. List the prime factors of t.
11
Let f(k) be the first derivative of k**4/8 - k**3 + k**2 + 2. Let o(w) be the second derivative of f(w). What are the prime factors of o(5)?
3
Let g = 47 + -22. List the prime factors of g.
5
Let j(q) = 2*q**3 + 2*q**2 - q - 1. Let s be j(-2). Let c(f) = f**2 + 5*f - 9. List the prime factors of c(s).
5
Suppose -5*f = -2*k - 1076, 5*f - 1082 = 2*k - 3*k. List the prime factors of f.
2, 3
Suppose 5*a + 4*c + 2 = 69, -a + 3*c = -21. Suppose -5*g + 20 = 0, -5*i = -3*g - 2*g - 30. Let t = a - i. List the prime factors of t.
5
Suppose 0 = -5*b + 5*z - 15, 0*b - 2*z + 6 = -b. Let c = 7 + -5. Suppose -o + c = -b. What are the prime factors of o?
2
Let o be (2/6)/((-3)/(-27)). Suppose -4*l = 2*x + 48 - 6, -4*x + 4 = -o*l. Let h(z) = -2*z + 5. What are the prime factors of h(l)?
3, 7
Let c = -3 + 5. Suppose y + y = 40. Suppose c*u - 2 = u, -3*b + y = -5*u. List the prime factors of b.
2, 5
Let b(j) = j**2 + 3*j - 3. What are the prime factors of b(2)?
7
List the prime factors of 26/(-2)*(-21 - -1).
2, 5, 13
Suppose -5*c - 48 = -213. What are the prime factors of c?
3, 11
Let k = 12 + -6. Let g(x) = 2*x - 2. List the prime factors of g(k).
2, 5
Let g = 21 - 12. List the prime factors of (78/g)/(2/3).
13
Let j(w) = -w**2 + w + 8. Let s be j(6). Let x be 3 - ((-14)/(-1) + 3). Let q = x - s. List the prime factors of q.
2
Let z(q) = 0*q - 1 - 8 + q. Let g be z(9). Suppose i = -g*i + 13. List the prime factors of i.
13
Suppose -4*x + 2*v = -1 - 1, 4*x - 3*v = -1. What are the prime factors of x*(15 + -3 - 2)?
2, 5
Suppose t = -2*t. Let w = -6 - t. What are the prime factors of (-44)/w + 2/(-6)?
7
Let l = 63 + 29. What are the prime factors of l?
2, 23
Suppose 54*g - 48*g - 426 = 0. What are the prime factors of g?
71
Suppose k - 25 = -0*k + 3*t, -4*k + 117 = 5*t. Suppose 0 = 3*r - n - 49, k + 31 = 4*r + 5*n. What are the prime factors of r?
2
Suppose -5 = h + 4*h. Let z = 0 + h. What are the prime factors of 0 - (-1 - z) - -2?
2
Let k(n) = n**2 - 18. Let o be k(0). Let i be 4/o + (-634)/(-18). Suppose 6*u = u + i. List the prime factors of u.
7
Let u be ((-6)/(-5))/(4/10). Let x = 0 - 2. Let a = u - x. List the prime factors of a.
5
Let y(m) be the second derivative of 2*m**3/3 - 3*m**2/2 + 2*m. Let b = 10 - 6. List the prime factors of y(b).
13
Let m(l) be the first derivative of -l**6/120 - l**4/6 - l**3/2 - 2*l**2 + 4. Let z(r) be the second derivative of m(r). What are the prime factors of z(-2)?
13
Let v be (1*-5)/(1 + 0). Let c(l) = -2*l + 7. Let u be c(v). Let f = u + -8. List the prime factors of f.
3
Let y(b) = b + 3 + 5 + 3. Let x = -4 - -4. List the prime factors of y(x).
11
Let w = 3 - 1. Let n(t) be the third derivative of t**6/120 + t**4/24 - t**3/3 - 2*t**2. List the prime factors of n(w).
2
Let t be (3 - -23) + 6/3. Suppose -t - 80 = -3*h. List the prime factors of h.
2, 3
Suppose 2*k = 2, 5*n + k = -0*k + 86. Let d(a) = -a**3 - 5*a**2 - 2*a - 5. Let c be d(-5). Let w = n - c. List the prime factors of w.
2, 3
Let m = 14 + -3. Suppose 1 = 4*t - m. Suppose -2*k + 2*l = -18, t + 6 = k + l. List the prime factors of k.
3
Suppose 7*f - 8 = 2*y + 4*f, 5*y + 2 = 3*f. Suppose -2*h + y + 4 = 0. What are the prime factors of h?
3
Let s(f) = -f**2 + 8*f - 12. Let j be s(8). Let m = 18 + j. List the prime factors of m.
2, 3
Suppose h - 4*b + 9 = 0, 2*b + 9 = -3*h + 5*b. Let w = -4 - h. Let l = 0 - w. List the prime factors of l.
3
Suppose -22 = -2*h - 6. List the prime factors of h.
2
Let k(t) = t**3 + 13*t**2 - 12*t + 8. What are the prime factors of k(-13)?
2, 41
Let r(h) = h**3 - h**2 - 2*h + 2. Let j be r(2). Suppose -j*a = -a - 32. What are the prime factors of a?
2
List the prime factors of (-3064)/(-18) - (6 + 260/(-45)).
2, 5, 17
Let p = 312 + -6. List the prime factors of p.
2, 3, 17
Let d(r) = r + 10. Let u be d(-10). Suppose 0 = -i - w - 31, -i + 2*i - 5*w + 1 = u. Let o = i + 39. List the prime factors of o.
13
Suppose -3*v + 76 = 1. Let u(x) = x + 11. Let d be u(-6). Suppose d*f - j = v, -2*j = 2*j. List the prime factors of f.
5
Suppose 4*d - 5 = v + 9, -3*d + 1 = 4*v. Let f be 6/2*2/d. Suppose 0 = -k + f, 3*u = 7*u + k - 30. What are the prime factors of u?
7
Let o(a) = 2*a**2 - 2*a + 2. Let r be o(2). Let c(i) = 3*i - 5*i + 3*i - 2. List the prime factors of c(r).
2
Let r(d) be the second derivative of -d**5/20 + 5*d**4/12 - d**3/3 + 7*d**2/2 - 2*d. Let c be r(5). List the prime factors of c*3/((-9)/2).
2
Let x = 30 + 18. What are the prime factors of x?
2, 3
Suppose -2*j - 7 = -5. What are the prime factors of (54/j)/(-3) + 1?
19
Suppose 4*a = -0*a + 2*m + 412, -4*m + 8 = 0. Suppose 4*n = -0*n + a. Suppose -n = -w - w. What are the prime factors of w?
13
Let f(d) = -10*d - 59*